{"id":41,"date":"2025-09-17T11:27:30","date_gmt":"2025-09-17T11:27:30","guid":{"rendered":"https:\/\/www.aouiche.louisst.o2switch.site\/blog\/?page_id=41"},"modified":"2025-11-05T13:21:14","modified_gmt":"2025-11-05T13:21:14","slug":"ma-formation","status":"publish","type":"page","link":"https:\/\/www.aouiche.louisst.o2switch.site\/blog\/ma-formation\/","title":{"rendered":"Ma formation"},"content":{"rendered":"\t\t\t<div \n\t\t\tclass=\"wp-block-uagb-google-map uagb-google-map__wrap uagb-block-67674d29     \"\n\t\t\tstyle=\"\" >\n\t\t\t\t<embed\n\t\t\t\t\tclass=\"uagb-google-map__iframe\"\n\t\t\t\t\ttitle=\"Carte Google pour \"\n\t\t\t\t\tsrc=\"https:\/\/maps.google.com\/maps?q=Brainstorm%20Force&#038;z=12&#038;hl=en&#038;t=m&#038;output=embed&#038;iwloc=near\"\n\t\t\t\t\twidth=\"640\"\n\t\t\t\t\theight=\"300\"\n\t\t\t\t\tloading=\"lazy\"\n\t\t\t\t><\/embed>\n\t\t\t<\/div>\n\t\t\t\n\n\n<div class=\"wp-block-uagb-info-box uagb-block-25eeae7a uagb-infobox__content-wrap  uagb-infobox-icon-above-title uagb-infobox-image-valign-top\"><div class=\"uagb-ifb-content\"><div class=\"uagb-ifb-icon-wrap\"><svg xmlns=\"https:\/\/www.w3.org\/2000\/svg\" viewBox=\"0 0 512 512\"><path d=\"M0 256C0 114.6 114.6 0 256 0C397.4 0 512 114.6 512 256C512 397.4 397.4 512 256 512C114.6 512 0 397.4 0 256zM371.8 211.8C382.7 200.9 382.7 183.1 371.8 172.2C360.9 161.3 343.1 161.3 332.2 172.2L224 280.4L179.8 236.2C168.9 225.3 151.1 225.3 140.2 236.2C129.3 247.1 129.3 264.9 140.2 275.8L204.2 339.8C215.1 350.7 232.9 350.7 243.8 339.8L371.8 211.8z\"><\/path><\/svg><\/div><div class=\"uagb-ifb-title-wrap\"><h3 class=\"uagb-ifb-title\">BTS NDRC <\/h3><\/div><p class=\"uagb-ifb-desc\">Le BTS N\u00e9gociation et Digitalisation de la Relation Client (NDRC) est une formation professionnelle de deux ans qui pr\u00e9pare les \u00e9tudiants aux m\u00e9tiers du commerce, de la vente et de la relation client, aussi bien en pr\u00e9sentiel qu\u2019en ligne. Ce dipl\u00f4me, tr\u00e8s pris\u00e9 dans les secteurs commerciaux, forme des professionnels capables de g\u00e9rer l\u2019ensemble du parcours client, de la prospection \u00e0 la fid\u00e9lisation, en passant par le conseil et la n\u00e9gociation.<br>Le titulaire du BTS NDRC devient un acteur cl\u00e9 du d\u00e9veloppement commercial d\u2019une organisation. Il apprend \u00e0 prospecter de nouveaux clients, \u00e0 analyser leurs besoins et \u00e0 leur proposer des solutions adapt\u00e9es. L\u2019une des particularit\u00e9s majeures de cette formation est son orientation vers le digital, indispensable dans le commerce moderne. Les \u00e9tudiants y apprennent \u00e0 utiliser les r\u00e9seaux sociaux, les plateformes de e-commerce, les outils CRM et les techniques de marketing digital pour optimiser la relation client et am\u00e9liorer les performances commerciales de l\u2019entreprise.<br>La formation s\u2019articule autour de plusieurs axes : la n\u00e9gociation-vente, la relation client \u00e0 distance et digitale, ainsi que la gestion de la relation client et de l\u2019animation de r\u00e9seaux. Les cours sont compl\u00e9t\u00e9s par des mises en situation, des projets commerciaux et des stages en entreprise permettant de d\u00e9velopper des comp\u00e9tences concr\u00e8tes et op\u00e9rationnelles.<br>\u00c0 l\u2019issue du BTS, les d\u00e9bouch\u00e9s sont nombreux. Les dipl\u00f4m\u00e9s peuvent occuper des postes tels que conseiller commercial, charg\u00e9 de client\u00e8le, commercial terrain ou digital, t\u00e9l\u00e9conseiller, animateur de r\u00e9seau, vendeur-conseil ou encore assistant manager commercial. Le BTS NDRC ouvre \u00e9galement la possibilit\u00e9 de poursuivre des \u00e9tudes en licence professionnelle, en \u00e9cole de commerce ou en bachelor.<br>Dynamique et complet, le BTS NDRC est un choix id\u00e9al pour les \u00e9tudiants souhaitant \u00e9voluer dans les m\u00e9tiers commerciaux et s\u2019adapter aux nouvelles tendances du digital.<\/p><\/div><\/div>\n\n\n\n<div class=\"wp-block-uagb-countdown uagb-block-31908095\"><div class=\"wp-block-uagb-countdown__box wp-block-uagb-countdown__box-days\"><div role=\"timer\" aria-live=\"off\" class=\"wp-block-uagb-countdown__time wp-block-uagb-countdown__time-days\">&#8211;<\/div><div class=\"wp-block-uagb-countdown__label\">DAYS<\/div><\/div><div class=\"wp-block-uagb-countdown__box wp-block-uagb-countdown__box-hours\"><div role=\"timer\" aria-live=\"off\" class=\"wp-block-uagb-countdown__time wp-block-uagb-countdown__time-hours\">&#8211;<\/div><div class=\"wp-block-uagb-countdown__label\">HOURS<\/div><\/div><div class=\"wp-block-uagb-countdown__box wp-block-uagb-countdown__box-minutes\"><div role=\"timer\" aria-live=\"off\" class=\"wp-block-uagb-countdown__time wp-block-uagb-countdown__time-minutes\">&#8211;<\/div><div class=\"wp-block-uagb-countdown__label\">MINUTES<\/div><\/div><div class=\"wp-block-uagb-countdown__box wp-block-uagb-countdown__box-seconds\"><div role=\"timer\" aria-live=\"off\" class=\"wp-block-uagb-countdown__time wp-block-uagb-countdown__time-seconds\">&#8211;<\/div><div class=\"wp-block-uagb-countdown__label\">SECONDS<\/div><\/div><\/div>\n\n\n\n<p><\/p>\n","protected":false},"excerpt":{"rendered":"","protected":false},"author":1,"featured_media":0,"parent":0,"menu_order":0,"comment_status":"closed","ping_status":"closed","template":"","meta":{"_uag_custom_page_level_css":"","site-sidebar-layout":"default","site-content-layout":"","ast-site-content-layout":"default","site-content-style":"default","site-sidebar-style":"default","ast-global-header-display":"","ast-banner-title-visibility":"","ast-main-header-display":"","ast-hfb-above-header-display":"","ast-hfb-below-header-display":"","ast-hfb-mobile-header-display":"","site-post-title":"","ast-breadcrumbs-content":"","ast-featured-img":"","footer-sml-layout":"","theme-transparent-header-meta":"","adv-header-id-meta":"","stick-header-meta":"","header-above-stick-meta":"","header-main-stick-meta":"","header-below-stick-meta":"","astra-migrate-meta-layouts":"default","ast-page-background-enabled":"default","ast-page-background-meta":{"desktop":{"background-color":"var(--ast-global-color-5)","background-image":"","background-repeat":"repeat","background-position":"center center","background-size":"auto","background-attachment":"scroll","background-type":"","background-media":"","overlay-type":"","overlay-color":"","overlay-opacity":"","overlay-gradient":""},"tablet":{"background-color":"","background-image":"","background-repeat":"repeat","background-position":"center center","background-size":"auto","background-attachment":"scroll","background-type":"","background-media":"","overlay-type":"","overlay-color":"","overlay-opacity":"","overlay-gradient":""},"mobile":{"background-color":"","background-image":"","background-repeat":"repeat","background-position":"center center","background-size":"auto","background-attachment":"scroll","background-type":"","background-media":"","overlay-type":"","overlay-color":"","overlay-opacity":"","overlay-gradient":""}},"ast-content-background-meta":{"desktop":{"background-color":"var(--ast-global-color-4)","background-image":"","background-repeat":"repeat","background-position":"center center","background-size":"auto","background-attachment":"scroll","background-type":"","background-media":"","overlay-type":"","overlay-color":"","overlay-opacity":"","overlay-gradient":""},"tablet":{"background-color":"var(--ast-global-color-4)","background-image":"","background-repeat":"repeat","background-position":"center center","background-size":"auto","background-attachment":"scroll","background-type":"","background-media":"","overlay-type":"","overlay-color":"","overlay-opacity":"","overlay-gradient":""},"mobile":{"background-color":"var(--ast-global-color-4)","background-image":"","background-repeat":"repeat","background-position":"center center","background-size":"auto","background-attachment":"scroll","background-type":"","background-media":"","overlay-type":"","overlay-color":"","overlay-opacity":"","overlay-gradient":""}},"footnotes":""},"class_list":["post-41","page","type-page","status-publish","hentry"],"uagb_featured_image_src":{"full":false,"thumbnail":false,"medium":false,"medium_large":false,"large":false,"1536x1536":false,"2048x2048":false},"uagb_author_info":{"display_name":"admin","author_link":"https:\/\/www.aouiche.louisst.o2switch.site\/blog\/author\/admin\/"},"uagb_comment_info":0,"uagb_excerpt":null,"_links":{"self":[{"href":"https:\/\/www.aouiche.louisst.o2switch.site\/blog\/wp-json\/wp\/v2\/pages\/41","targetHints":{"allow":["GET"]}}],"collection":[{"href":"https:\/\/www.aouiche.louisst.o2switch.site\/blog\/wp-json\/wp\/v2\/pages"}],"about":[{"href":"https:\/\/www.aouiche.louisst.o2switch.site\/blog\/wp-json\/wp\/v2\/types\/page"}],"author":[{"embeddable":true,"href":"https:\/\/www.aouiche.louisst.o2switch.site\/blog\/wp-json\/wp\/v2\/users\/1"}],"replies":[{"embeddable":true,"href":"https:\/\/www.aouiche.louisst.o2switch.site\/blog\/wp-json\/wp\/v2\/comments?post=41"}],"version-history":[{"count":5,"href":"https:\/\/www.aouiche.louisst.o2switch.site\/blog\/wp-json\/wp\/v2\/pages\/41\/revisions"}],"predecessor-version":[{"id":159,"href":"https:\/\/www.aouiche.louisst.o2switch.site\/blog\/wp-json\/wp\/v2\/pages\/41\/revisions\/159"}],"wp:attachment":[{"href":"https:\/\/www.aouiche.louisst.o2switch.site\/blog\/wp-json\/wp\/v2\/media?parent=41"}],"curies":[{"name":"wp","href":"https:\/\/api.w.org\/{rel}","templated":true}]}}